 2*q + 3. Let z = 1432 + -1433. Calculate t(z).
63
Let j(y) = 26*y + 18*y + 133 - 156 - 64*y. What is j(3)?
-83
Suppose 22 = 4*y - 6*u + 7*u, -3*y + 13 = -u. Let h(a) = -2 + 4 + 1 - 7*a. Determine h(y).
-32
Let z = -196 + 197. Let j(a) = -a + 5. Let n(y) = -11*y + 14. Let t(g) = -2*j(g) + n(g). Determine t(z).
-5
Suppose -117 + 7 = -11*m. Suppose 3*r = 8*r - m. Let x(f) = 9*f**2 + 2*f - 1 - f - 8*f**r. Give x(-3).
5
Suppose u - 5*b + 11 = -2, 0 = 4*u + 4*b - 68. Let t(z) = -z - 5*z**2 - u*z**2 + 0*z. Suppose 4*f - 16*m - 124 = 0, 5*m = 2*f + m - 30. What is t(f)?
-16
Let p(o) be the third derivative of -o**8/20160 - o**7/1008 - o**6/180 - 11*o**5/60 - o**3/6 + o**2 - 24. Let z(j) be the third derivative of p(j). Give z(-3).
2
Let f(r) = r**3 + r**2 + r - 26. Suppose o + 4*t - 140 = -t, 4*o + 4*t = 576. Let y be 6/(-10) - (-87)/o. Give f(y).
-26
Suppose 2*n = 3*b + 1, -2*b - 2*b = -5*n - 8. Let o(j) = 2*j + 7. Let s be o(n). Let r(a) = 7 - 12 + 1 + 3 - a. Give r(s).
0
Let x = 101 - 96. Suppose -x*n = 23 + 12. Let d(a) = 3 - a**3 + 2*a**2 - 2 + 8*a - 8*a**2. Calculate d(n).
-6
Suppose 14*n + 14*n = 2604. Suppose 0 = z + 98 - n. Let v(b) = -2*b - 1. Determine v(z).
9
Let l(v) = -3*v**2 - 2*v + 3. Let g be 4/((192/9)/(-16)). Determine l(g).
-18
Let z(m) = -24*m + 12044 - 4016 - 21*m**2 - 4012 - 4012 + m**3. What is z(22)?
-40
Let n(y) = -11*y**2 + 13*y - 27. Let w(g) = -14*g**2 + 14*g - 27. Let v(t) = 5*n(t) - 4*w(t). Determine v(-11).
-5
Let o = 32584 + -32599. Let l(u) = 13*u + 179. Calculate l(o).
-16
Suppose -i = 1 + 2. Let z(h) = 7*h**3 - h**2 - 9*h. Let d(v) = 4*v**2 - 6*v - 4*v**2 + 4*v**3 + v. Let b(r) = i*z(r) + 5*d(r). Determine b(3).
6
Let z(k) = k**2 + 6*k - 8. Let h be 28/5*285/38. Suppose 0 = -6*d - 0*d - h. Calculate z(d).
-1
Let x(l) = 5*l**2 + 3*l + 1. Let d(g) = -2*g**2 - g. Let f(v) = 2*d(v) + x(v). Suppose n - 5 = 1. Suppose 4 - n = -o. Determine f(o).
7
Let h(l) be the second derivative of l**4/12 + 7*l**3/2 + 12*l**2 + 24*l. Let t be h(-17). Let z = t - -38. Let g(v) = -v**2 - 6*v + 5. Give g(z).
5
Let s(f) be the third derivative of f**6/120 + f**5/15 - f**4/4 - f**3/6 - f**2. Suppose 33*k - 30*k = 12, -5*m + 5*k = -6475. Let j = m - 1304. What is s(j)?
4
Let f(n) = 7*n**3 + 41*n**2 - 21*n - 48. Let t(g) = -3*g**3 - 20*g**2 + 11*g + 23. Let b(q) = 4*f(q) + 9*t(q). Determine b(15).
15
Let m be 1*5 - (-4 - -5). Let y(a) = 3*a**3 - 3*a**3 + m*a**3 + 4*a + 3*a**2 - 2*a**3 + 2. What is y(-2)?
-10
Let l(z) = z - z**3 - 102*z**2 - 9 + 35*z**2 + 2*z**3 + 60*z**2 + 0*z. Suppose -2*j - 4 = -2*o, o = -3*o + 2*j + 18. Calculate l(o).
-2
Let a(w) be the second derivative of -2*w**4/3 - 2*w**2 + 133*w + 19. Calculate a(-4).
-132
Let a(k) = -k**2 - 4*k. Suppose 0 = 57*o + 31 + 83. What is a(o)?
4
Let p(y) = 50*y + 233. Let q(m) = -3*m + 16. Let j(b) = p(b) + 6*q(b). Calculate j(-10).
9
Let u be (5/(-25))/((-3)/15). Let s(t) be the first derivative of -t**4 + 30. Give s(u).
-4
Let r(q) = q**2 + 391*q + 2703. Let x be r(-7). Let w(f) = -4*f + 49. Calculate w(x).
-11
Let l = 1380 + -1380. Let c(j) = j - 2*j - 17 + 0*j - 2. What is c(l)?
-19
Let k(q) = q**3 - 5*q**2 - q - 8. Suppose -s + 4*c + 46 = 38, -2*s - 5*c + 3 = 0. What is k(s)?
-28
Suppose -5*w = -3*d - 198, -2*d + 26 + 167 = 5*w. Let o = w + -36. Suppose -22 = -o*l - 40. Let s(r) = -r**3 - 5*r**2 + 6*r + 6. Give s(l).
6
Let l(z) be the second derivative of 0 - 1/3*z**3 + 0*z**2 + 1/12*z**4 + 95*z. Give l(0).
0
Let h = 1798 - 1790. Let f(i) = 6*i - 62. Determine f(h).
-14
Let b(y) = y**3 - 10*y**2 + y - 4. Suppose f + 3*f = 2*a - 180, 4*a = -f + 396. Let i be a/10 - ((-17)/85)/1. Determine b(i).
6
Let a(p) = -1243*p + 37152 - 29*p**2 - 37151 + 1239*p. Determine a(1).
-32
Suppose -2*h + 3 = -7. Let v(o) be the first derivative of -5*o**2/2 - 7*o + 66. Let d(l) = 2*l. Let a(y) = 3*d(y) + v(y). Give a(h).
-2
Let v = 2 + 0. Let y be 111/259 + 32/7. Let i(r) = 2 + 5*r + 10*r - 2*r**3 + 2*r**2 - 21*r + y*r. Calculate i(v).
-8
Suppose 369*x - 365*x = 0. Suppose 0 = 2*r - x*b + 2*b + 4, -2*r + 5*b = 25. Let c(n) = n**3 + 3*n**2 - 6*n - 4. What is c(r)?
-24
Let a(g) be the second derivative of 0 + 119*g - 1/6*g**3 - 1/20*g**5 - g**4 - 8*g**2. Determine a(-12).
-4
Let p(i) = 12*i + 1 - 104*i + 33*i + 32*i. Suppose -4*v + 4 = -0*v. What is p(v)?
-26
Let f(j) = 2*j**2 + 3*j - 11. Let o be 0 - -3*(2/(-6) + -2). What is f(o)?
66
Suppose 0 = 2*g + 5*a - 54, 46*g - 4*a = 42*g + 24. Let r(y) = y - 10. Calculate r(g).
2
Let n(m) = 3*m + 1. Suppose -848 + 862 = -k. Let r(j) = 2*j**3 + 25*j**2 - 42*j + 3. Let y be r(k). Determine n(y).
10
Let x(y) be the second derivative of 0 + 7/6*y**3 + y - 1/2*y**2. Let r be (-171)/(-36) - 5 - 20/(-16). Give x(r).
6
Let i(m) = m**2 + m - 6. Let r = 4930 - 4932. Calculate i(r).
-4
Suppose 0 = -q + 5*d - 48, 27 = -3*q + 2*d - 39. Let c(i) = i**3 + 17*i**2 - 18*i - 13. Determine c(q).
-13
Let k(p) = p**3 - 6*p**2 - 33*p + 44. Let d = 9099 - 9090. Give k(d).
-10
Let c(s) = s**2 - 9*s - 8. Suppose -148*q + 2394 = -141*q. Let f = -332 + q. What is c(f)?
2
Let y(u) = -u + 21*u - 13*u - 2 - 9*u**2. Let g(z) = -20*z**2 + 16*z - 4. Let k(n) = -4*g(n) + 9*y(n). Calculate k(-2).
-4
Let d(v) = v**3 - 7*v**2 + 5*v + 5. Suppose 36*t + 1154 = -13*t - 463. Let l be (-157)/(-4) - 1/4. Let q = l + t. Give d(q).
-1
Let f = 64 + -57. Let i(u) be the first derivative of u**2 - u - 129. What is i(f)?
13
Suppose 4*v - 26 = -2*t + v, 5*v = 4*t - 8. Let c(j) = 0*j - 14*j**2 - 439 + 435 + 2*j**3 + j. What is c(t)?
3
Suppose -46*l + 10*l - 2700 = 0. Let w be ((-44)/(-33))/(-1 - 95/l). Let a(g) = g**3 - 5*g**2 - g - 6. Give a(w).
-11
Let x be (-1)/3*(12 - 9)*-1. Let o be 56/14 - 0/x. Let r(h) = 2*h**2 - 5*h - 4. Give r(o).
8
Let t(n) = n**3 - 10*n**2 - 10*n - 11. Suppose 46*x + 39*x + 140*x = 2475. Calculate t(x).
0
Let a(u) be the first derivative of -u**3/6 + u**2 + 60*u - 101. Let l(f) be the first derivative of a(f). What is l(-5)?
7
Let q(l) be the second derivative of -l**4/4 + l**3/3 - 3*l**2/2 - 4416*l. Calculate q(2).
-11
Let z be (-1)/1 - (1 - (-4 + 4)). Let k(b) = 7*b + 11*b + 4 - 3*b + 0 - 1. Give k(z).
-27
Let s(g) = -2*g**3 - 14*g**2 + 15*g - 17. Let m(v) = v**2 - 8*v + 4. Let z be m(2). Calculate s(z).
-9
Let w(z) = 5*z**2 + 21. Let a(u) = -9*u**2 - 42. Let n(k) = -6*a(k) - 11*w(k). Let p be n(-4). Let i(s) = -2*s + 3. What is i(p)?
-7
Let u(p) = -p**3 + 44*p**2 + 47*p - 95. Let h = 5547 - 5502. What is u(h)?
-5
Let a(w) = 9*w**2 - 18*w + 5. Let v(d) = 19*d**2 - 36*d + 9. Let k(t) = -5*a(t) + 2*v(t). Let g(f) = -f**2 + f - 1. Let r(b) = -6*g(b) + k(b). Determine r(12).
-1
Let i(t) be the first derivative of -t**2/2 + t + 837. Determine i(-7).
8
Let u(d) = -4*d - 141. Let a(i) = -i**3 + 49*i**2 - 54*i + 250. Let b be a(48). What is u(b)?
11
Let o = -19421 + 19425. Let r(y) be the first derivative of -y**3 + 5*y**2/2 + y + 1. Let q(l) be the first derivative of r(l). What is q(o)?
-19
Let q(d) = d**3 - 4*d**2 - 4*d - 6. Suppose -90*j - 4 = -91*j. Suppose -3*p + g + 35 = 0, -g = p + g. Suppose j = -p*y + 54. Determine q(y).
-1
Let r(j) be the second derivative of -17/12*j**4 - 12*j**2 - 1/20*j**5 - 17/6*j**3 + 152*j + 0. Calculate r(-16).
-8
Let v be 940/8 - 12/(-8). Let y(b) = 1 - v*b + 239*b - 122*b. Calculate y(-2).
5
Let n(d) = -d**3 - 10*d**2 - d - 3. Let i be n(-10). Let w be (-1)/(2 - 21/9). Let k(u) = w + 5 - i + 2*u. Determine k(-2).
-3
Let j(n) = n**2 + 7*n - 24. Let q = -2098 + 2101. Give j(q).
6
Let c(s) be the second derivative of -11*s**4/12 + 19*s**3/3 + 33*s**2/2 - 6*s. Let u(o) = -4*o**2 + 13*o + 11. Let a(v) = 3*c(v) - 8*u(v). Give a(11).
0
Suppose 2*h = -o - 33, 4*h - 5*o + 120 = -h. Let q(c) = c**2 + 25*c + 107. Let s be q(h). Let p(i) = -3*i + 1. Calculate p(s).
22
Let a(g) = -10*g - 98. Let t be a(20). Let y = 291 + t. Let r(x) = x**2 + 9*x + 13. Determine r(y).
-1
Let b(o) = o**2 + 6*o - 13. Suppose 477*g = 484*g + 4648. Let s = g - -657. What is b(s)?
-6
Let m = 148 - 53. Let g be 6/21 + m/35. Let p(h) = 2*h + g + 6 - 2 + 1. Calculate p(-6).
-4
Let i be -7*3/(-6)*(-128)/112. Let a(m) = 4*m**2 + 7*m + 6. Determine a(i).
42
Let y(b) = -10. Let a(m) = -m - 2. Let g(n) = 4*a(n) - y(n). Let r = -26 - -31. Suppose 0 = r*k + 10. Determine g(k).
10
Let s be ((-9)/